{"id":9,"date":"2015-05-30T18:16:32","date_gmt":"2015-05-30T16:16:32","guid":{"rendered":"http:\/\/linedance-wittenbach.ch\/web\/?page_id=9"},"modified":"2015-05-31T16:48:51","modified_gmt":"2015-05-31T14:48:51","slug":"line-dance-kultur","status":"publish","type":"page","link":"https:\/\/linedance-wittenbach.ch\/web\/line-dance-kultur\/","title":{"rendered":"Line Dance Kultur"},"content":{"rendered":"<p>Die urspr\u00fcngliche Form des Tanzes ist \u2013 wie die Entwicklung des Volkstanzes in vielen Kulturen zeigt \u2013 der Gruppentanz. Line Dance ist konzeptionell ein Gruppentanz, auch wenn Soli m\u00f6glich sind. Er wird deshalb h\u00e4ufig als eine moderne Auspr\u00e4gung des urspr\u00fcnglichen Gruppentanzes gesehen. Damit bildet der heutige Line Dance (nicht zu verwechseln mit anderen historischen Linien-Tanz-Arten) das Gegenst\u00fcck zu allen traditionellen und modernen Formen des Paartanzes.<\/p>\n<p>Der Line Dance entwickelte sich gem\u00e4\u00df den gesicherten Berichten im Laufe des 20. Jahrhunderts haupts\u00e4chlich in den USA, teilweise aus dem Showtanz. Die amerikanische Fernsehsendung American Band Stand (1952 bis 1989) hatte bereits im ersten Jahr 1952 eine w\u00f6chentliche Rubrik, in der die jeweils neuesten Line Dances vorgestellt wurden. Der Beitrag von Line Dance zur damaligen Tanzkultur in Clubs und Tanzlokalen war eine Erg\u00e4nzung zum vorherrschenden Paartanz. In Europa, bedingt durch die Nachkriegsordnung des Zweiten Weltkriegs und der verbreiteten Meinung, dass insbesondere die amerikanische Musik besonders modern sei, wurde auch Line Dance, etwa ab den 1960er Jahren, in Discotheken \u00f6ffentlich praktiziert. Einer der bekanntesten noch heute getanzten Line Dances, der Electric Slide \u2013 auch als Freestyle bekannt, wurde 1976 von Ric Silver zu der Er\u00f6ffnung der Discothek Vamps am Broadway in New York City choreografiert. Zus\u00e4tzliche \u00f6ffentliche Beachtung erhielt Line Dance unter anderem durch eine szenische Darstellung im erfolgreichen Tanz-Film Saturday Night Fever mit John Travolta aus dem Jahr 1977, der die Tanzclub- und Disco-Szene im New Yorker Stadtteil Brooklyn als Rahmen aufgreift. <a href=\"http:\/\/de.wikipedia.org\/wiki\/Line_Dance\" target=\"_blank\"><em>Wikipedia<\/em><\/a><\/p>\n","protected":false},"excerpt":{"rendered":"<p>Die urspr\u00fcngliche Form des Tanzes ist \u2013 wie die Entwicklung des Volkstanzes in vielen Kulturen zeigt \u2013 der Gruppentanz. Line Dance ist konzeptionell ein Gruppentanz, auch wenn Soli m\u00f6glich sind. Er wird deshalb h\u00e4ufig als eine moderne Auspr\u00e4gung des urspr\u00fcnglichen Gruppentanzes gesehen. Damit bildet der heutige Line Dance (nicht zu verwechseln mit anderen historischen Linien-Tanz-Arten) [&hellip;]<\/p>\n","protected":false},"author":1,"featured_media":84,"parent":0,"menu_order":0,"comment_status":"open","ping_status":"open","template":"","meta":{"footnotes":""},"class_list":["post-9","page","type-page","status-publish","has-post-thumbnail","hentry","gallery-content-unit"],"_links":{"self":[{"href":"https:\/\/linedance-wittenbach.ch\/web\/wp-json\/wp\/v2\/pages\/9","targetHints":{"allow":["GET"]}}],"collection":[{"href":"https:\/\/linedance-wittenbach.ch\/web\/wp-json\/wp\/v2\/pages"}],"about":[{"href":"https:\/\/linedance-wittenbach.ch\/web\/wp-json\/wp\/v2\/types\/page"}],"author":[{"embeddable":true,"href":"https:\/\/linedance-wittenbach.ch\/web\/wp-json\/wp\/v2\/users\/1"}],"replies":[{"embeddable":true,"href":"https:\/\/linedance-wittenbach.ch\/web\/wp-json\/wp\/v2\/comments?post=9"}],"version-history":[{"count":2,"href":"https:\/\/linedance-wittenbach.ch\/web\/wp-json\/wp\/v2\/pages\/9\/revisions"}],"predecessor-version":[{"id":86,"href":"https:\/\/linedance-wittenbach.ch\/web\/wp-json\/wp\/v2\/pages\/9\/revisions\/86"}],"wp:featuredmedia":[{"embeddable":true,"href":"https:\/\/linedance-wittenbach.ch\/web\/wp-json\/wp\/v2\/media\/84"}],"wp:attachment":[{"href":"https:\/\/linedance-wittenbach.ch\/web\/wp-json\/wp\/v2\/media?parent=9"}],"curies":[{"name":"wp","href":"https:\/\/api.w.org\/{rel}","templated":true}]}}