{"id":5,"date":"2015-05-30T18:15:40","date_gmt":"2015-05-30T16:15:40","guid":{"rendered":"http:\/\/linedance-wittenbach.ch\/web\/?page_id=5"},"modified":"2025-02-06T16:12:04","modified_gmt":"2025-02-06T15:12:04","slug":"ueber-uns","status":"publish","type":"page","link":"https:\/\/linedance-wittenbach.ch\/web\/ueber-uns\/","title":{"rendered":"\u00dcber uns"},"content":{"rendered":"<p>Im Jahre 2014 wurde im Rahmen von schweiz.bewegt \/ wittenbach.bewegt (Bauernhof-Olympiade) ein Line Dance Kurs angeboten, weil grosses Interesse da war, wurde dieser Kurs im 2015 fortgesetzt. Einige hatten immer noch nicht genug, darum wurde nach Trainings-Lokalit\u00e4ten gesucht.<\/p>\n<p>Am 7. Mai 2015 wurde der Verein Line Dance Wittenbach gegr\u00fcndet.<\/p>\n<p>Die Hauptprobe f\u00fcr den Verein wurde bereits am 9. Mai 2015 anl\u00e4sslich des Dorffestes in Wittenbach an einem Flashmob ge\u00fcbt und am Abend im Festzelt.<\/p>\n<p>Am 4. Juni 2015 wurde das erste Mal offiziell als Verein zum Line Dance Training in die Aula OZ Wittenbach eingeladen.<\/p>\n<p>Seit dem 11. Februar 2016 braucht es bereits zwei Trainingszeiten. F\u00fcr Anf\u00e4nger und leicht Fortgeschrittene.<\/p>\n<p>April 2016: Nun ist es soweit, wir haben einen eigenen Look. T-Shirts und Jacken sind eingetroffen!<\/p>\n<p>Diverse Anl\u00e4sse wurden unterdessen besucht. Am 29. Mai 2016 rockten wir den ganzen Tag am Schweiz.bewegt-Anlass auf dem Badeparkplatz inklusiv einem Flashmob und diversen Workshops. Die Stimmung war sensationell, auch wenn uns das Wetter am Nachmittag mit Regen begl\u00fcckte.<\/p>\n<p>Die 2. Hauptversammlung fand am 1. September 2016 statt. Trotz Austritten sind nun 53 Mitglieder im Verein aktiv dabei.<\/p>\n<p>Interesse zeigte auch das St. Galler-Tagblatt&#8230; kam es doch extra am 29. Sept. 2016 f\u00fcr einen Zeitungsbericht an unsere Tanznacht.<\/p>\n<p><span style=\"text-decoration: underline;\"><strong><a href=\"https:\/\/youtu.be\/E2Mk6KMFBGY\" target=\"_blank\" rel=\"noopener noreferrer\">Der erste Auftritt<\/a><\/strong>:<\/span> Am 25. M\u00e4rz 2017 folgte anl\u00e4sslich des Jubil\u00e4ums von Lizzy einen Show-Auftritt in Bendern FL.<\/p>\n<p>Die 3.\u00a0Hauptversammlung fand am 21. September 2017 statt. Der Verein z\u00e4hlt nun schon stolze 62 Mitglieder.<\/p>\n<p>Die 4.\u00a0Hauptversammlung fand am 20. September 2018 statt. Der Verein ist wiederum gewachsen. Bereits 72 Mitglieder nennen sich &#8222;Aktive&#8220;. Seht euch doch mal unser aktives Vereinsleben <a href=\"https:\/\/linedance-wittenbach.ch\/web\/ueber-uns\/unsere-aktivitaeten-in-fotos-gezeigt\/\"><span style=\"text-decoration: underline;\"><strong>hier<\/strong> <\/span><\/a>an.<\/p>\n<p>&nbsp;<\/p>\n<p><strong>Jahresbeitrag:<\/strong><\/p>\n<ul>\n<li>Erwachsene Fr. 150.-<\/li>\n<li>Sch\u00fcler\/Lehrlinge\/Studenten Fr. 75.-<\/li>\n<\/ul>\n<p>&nbsp;<\/p>\n<p><strong>Pr\u00e4sidentin<\/strong><br \/>\nUrsi Staub<br \/>\nBlumenstrasse 8, 9300 Wittenbach<br \/>\n071 298 38 79 \/ 079 299 17 87<br \/>\ninfo@linedance-wittenbach.ch<\/p>\n<p><strong>Vizepr\u00e4sidentin<\/strong><br \/>\nBrigitte Gemperle<br \/>\nQuellenstrasse 2, 9304 Bernhardzell<br \/>\n071 433 21 19 \/ 079 828 62 64<\/p>\n<p><strong>Aktuarin<br \/>\n<\/strong>Ragna Zulian<\/p>\n<p><strong>Homepage<\/strong><br \/>\nFelix G\u00e4mperle<\/p>\n<p><strong>Kassierin<\/strong><br \/>\nYvonne Egger<\/p>\n<p><strong>Revisor<\/strong><br \/>\nMarkus Brunner<\/p>\n<p><strong>Revisorin<\/strong><br \/>\nNicole Brunner<\/p>\n<p><strong>Beisitzer<\/strong><br \/>\nRalph Rutz<\/p>\n","protected":false},"excerpt":{"rendered":"<p>Im Jahre 2014 wurde im Rahmen von schweiz.bewegt \/ wittenbach.bewegt (Bauernhof-Olympiade) ein Line Dance Kurs angeboten, weil grosses Interesse da war, wurde dieser Kurs im 2015 fortgesetzt. Einige hatten immer noch nicht genug, darum wurde nach Trainings-Lokalit\u00e4ten gesucht. Am 7. Mai 2015 wurde der Verein Line Dance Wittenbach gegr\u00fcndet. Die Hauptprobe f\u00fcr den Verein wurde [&hellip;]<\/p>\n","protected":false},"author":1,"featured_media":0,"parent":0,"menu_order":0,"comment_status":"open","ping_status":"open","template":"","meta":{"footnotes":""},"class_list":["post-5","page","type-page","status-publish","hentry","gallery-content-unit"],"_links":{"self":[{"href":"https:\/\/linedance-wittenbach.ch\/web\/wp-json\/wp\/v2\/pages\/5","targetHints":{"allow":["GET"]}}],"collection":[{"href":"https:\/\/linedance-wittenbach.ch\/web\/wp-json\/wp\/v2\/pages"}],"about":[{"href":"https:\/\/linedance-wittenbach.ch\/web\/wp-json\/wp\/v2\/types\/page"}],"author":[{"embeddable":true,"href":"https:\/\/linedance-wittenbach.ch\/web\/wp-json\/wp\/v2\/users\/1"}],"replies":[{"embeddable":true,"href":"https:\/\/linedance-wittenbach.ch\/web\/wp-json\/wp\/v2\/comments?post=5"}],"version-history":[{"count":39,"href":"https:\/\/linedance-wittenbach.ch\/web\/wp-json\/wp\/v2\/pages\/5\/revisions"}],"predecessor-version":[{"id":3197,"href":"https:\/\/linedance-wittenbach.ch\/web\/wp-json\/wp\/v2\/pages\/5\/revisions\/3197"}],"wp:attachment":[{"href":"https:\/\/linedance-wittenbach.ch\/web\/wp-json\/wp\/v2\/media?parent=5"}],"curies":[{"name":"wp","href":"https:\/\/api.w.org\/{rel}","templated":true}]}}