{"id":185,"date":"2022-09-15T20:00:50","date_gmt":"2022-09-15T18:00:50","guid":{"rendered":"http:\/\/linedance-wittenbach.ch\/web\/?page_id=185"},"modified":"2025-09-26T17:24:30","modified_gmt":"2025-09-26T15:24:30","slug":"news","status":"publish","type":"page","link":"https:\/\/linedance-wittenbach.ch\/web\/news\/","title":{"rendered":"News"},"content":{"rendered":"<p><span style=\"text-decoration: underline;\"><strong>11. Hauptversammlung am 25. September 2025<\/strong><\/span><\/p>\n<p>Die 11. Hauptversammlung startete 19:30h im OZ Gr\u00fcnau, Wittenbach. Die Traktandenliste wurde den Mitgliedern bereits per Mail zugesendet.<br \/>\nDas Protokoll wird (sobald verf\u00fcgbar) wie immer auf der vereinsinternen Seite abgelegt. <span style=\"text-decoration: underline;\"><a href=\"https:\/\/linedance-wittenbach.ch\/web\/verein-intern\/\"><strong>Link<\/strong><\/a> <\/span><br \/>\nNach der HV durften wir 4-lekere Meterbrote vom Dorfbeck geniessen, Ralph war f\u00fcr&#8217;s Fl\u00fcssige verantwortlich. Herzlichen Dank f\u00fcr deinen speziellen &#8211; gesponserten Wein.<\/p>\n<p>Zu Beginn der HV sahen wir den Film &#8222;Sennensinger &#8211; Making Off&#8220;<br \/>\n<a href=\"https:\/\/youtu.be\/ufa_9NIt0XI\" target=\"_blank\" rel=\"noopener\"><strong>Link zu Youtube<\/strong><\/a><\/p>\n<p>Am Schluss zeigte Felix den Zusammenschnitt vom 10-Jahr Jubi Fest im Erlenholz<br \/>\n<strong><a href=\"https:\/\/youtu.be\/YgYsaUZcRag\" target=\"_blank\" rel=\"noopener\">Link zu Youtube<\/a><\/strong><\/p>\n<p>-&gt; Den f\u00e4lligen Vereinsmitgliederbeitrag, wiederum von 150.00 CHF\/Mitglied, k\u00f6nnt ihr mittels dieser QR-Rechnung einzahlen, einfach den beigef\u00fcgten QR scannen und Betrag sowie Namen eintragen, fertig:<\/p>\n<p>Link f\u00fcr\u00a0 \u00a0<span style=\"text-decoration: underline;\"><strong><a href=\"https:\/\/linedance-wittenbach.ch\/web\/wp-content\/uploads\/2022\/09\/LD-WIT-QR-Rechnung-Mitgleiderbeitrag.pdf\" target=\"_blank\" rel=\"noopener noreferrer\">QR Rechnung LD Wittenbach<\/a><\/strong><\/span><strong>\u00a0 \u00a0<\/strong>im neuen Fenster zeigen.<\/p>\n<hr \/>\n<p><span style=\"text-decoration: underline;\"><strong>27. Juni 2025:<\/strong><\/span>\u00a0 Unser 10-Jahrfest konnte bei bestem und sehr warmem Wetter im Erlenholz \u00fcber die &#8222;B\u00fchne&#8220;<\/p>\n<p>gehen. Bei Live Musik von Wolf durften wir viele Linedance Schritte zum Besten geben. Ein gelungener Anlass f\u00fcr alle Beteiligten. Vom Erlenholz wurden wir regelrecht verw\u00f6hnt! &#8211; Das machen wir wieder einmal!! Bericht und Film folgen sp\u00e4ter.<\/p>\n<hr \/>\n<p><span style=\"text-decoration: underline;\"><strong>21. Juni 2025 feiern wir unser 10-Jahr Jubil\u00e4um<\/strong><\/span><\/p>\n<p>Hier findest du Infos dazu:\u00a0 <strong><a href=\"https:\/\/linedance-wittenbach.ch\/web\/jubi\/\">Link<\/a><\/strong><\/p>\n<hr \/>\n<p><span style=\"text-decoration: underline;\"><strong>30. September 24\u00a0 bis\u00a0 18. Oktober geniessen wir Herbstferien -&gt; Kein Training<\/strong><\/span><\/p>\n<p>Wir treffen uns am 24. Oktober zum ersten Training nach den Herbstferien 2024.<br \/>\nWir w\u00fcnschen allen eine gute und unfallfreie Zeit!<\/p>\n<hr \/>\n<p><span style=\"text-decoration: underline;\"><strong>10. Hauptversammlung am 26. September 2024<\/strong><\/span><\/p>\n<p>Die 10. Hauptversammlung startete 19:30h im OZ Gr\u00fcnau, Wittenbach. Die Traktandenliste wurde den Mitgliedern bereits per Mail zugesendet.<br \/>\nDas Protokoll wird auf der vereinsinternen Seite abgelegt. <span style=\"text-decoration: underline;\"><a href=\"https:\/\/linedance-wittenbach.ch\/web\/verein-intern\/\"><strong>Link<\/strong><\/a> <\/span>\u00a0 (wurde am 18.10.24 aufgeschalten)<br \/>\nNach der HV durften wir das geniale Buffet von Elisabeth geniessen! Dir nochmals herzlichen Danke f\u00fcr deine grossartige Arbeit. Es hat uns seeehr geschmeckt.<\/p>\n<p>Den f\u00e4lligen Vereinsmitgliederbeitrag, wiederum von 150.00 CHF\/Mitglied, k\u00f6nnt ihr mittels dieser QR-Rechnung einzahlen, einfach den beigef\u00fcgten QR scannen und Betrag sowie Namen eintragen, fertig:<\/p>\n<p>Link f\u00fcr\u00a0 \u00a0<span style=\"text-decoration: underline;\"><strong><a href=\"https:\/\/linedance-wittenbach.ch\/web\/wp-content\/uploads\/2022\/09\/LD-WIT-QR-Rechnung-Mitgleiderbeitrag.pdf\" target=\"_blank\" rel=\"noopener noreferrer\">QR Rechnung LD Wittenbach<\/a><\/strong><\/span><strong>\u00a0 \u00a0<\/strong>im neuen Fenster zeigen.<\/p>\n<hr \/>\n<p><span style=\"text-decoration: underline;\"><strong>15. August 2024:\u00a0 Trainingsstart nach den Sommerferien \/ Langwies<\/strong><\/span><\/p>\n<p>Die Sommerferien sind leider schon wieder vorbei, unser erstes Training startet am 15. August 24.<\/p>\n<p><span style=\"text-decoration: underline;\"><strong>Langwies:<\/strong><\/span>\u00a0 Tanzbegeisterte haben sich w\u00e4hrend den Sommerferien bei Brigitte zum Spezialkurs angemeldet. <a title=\"Weiter zur Langwies Tanzliste 2024\" href=\"https:\/\/linedance-wittenbach.ch\/web\/langwies-2024-trainingsliste\/\"><span style=\"text-decoration: underline;\"><em><strong>Hier<\/strong><\/em><\/span><\/a> findest ihr die Tanzliste mit allen Infos.<\/p>\n<hr \/>\n<p><span style=\"text-decoration: underline;\"><strong>9. Januar 2024:\u00a0 Helferanlass in Wittenbach<\/strong><\/span><\/p>\n<p>Zu den speziellen Kl\u00e4ngen von Enrico Lenzin hat sich unsere Delegation m\u00e4chtig ins Zeug gelegt. Neue Mitglieder sind uns sicher\u00a0 \ud83d\ude09<br \/>\nKurzer Zusammenschnitt der Vorf\u00fchrung:\u00a0 \u00a0 <span style=\"text-decoration: underline;\"><strong><a title=\"Linedance Wittenbach und Enrico Lenzin\" href=\"https:\/\/youtu.be\/6XlmOjIrPSg\" target=\"_blank\" rel=\"noopener\">Link auf Youtube<\/a><\/strong><\/span><\/p>\n<hr \/>\n<p><span style=\"text-decoration: underline;\"><strong>9. Hauptversammlung am 28. September 2023<\/strong><\/span><\/p>\n<p>Die 9. Hauptversammlung startete 19:30h im OZ Gr\u00fcnau, Wittenbach. Die Traktandenliste wurde den Mitgliedern bereits per Mail zugesendet. Antr\u00e4ge bitte bis 21. September bei der Pr\u00e4sidentin einreichen, Danke.<br \/>\nDas Protokoll ist auf der Vereisinternen Seite abgelegt. <span style=\"text-decoration: underline;\"><a href=\"https:\/\/linedance-wittenbach.ch\/web\/verein-intern\/\"><strong>Link<\/strong><\/a><\/span><br \/>\nNach der HV gehen wir ins Arrabbiata.<\/p>\n<p>Den f\u00e4lligen Vereinsmitgliederbeitrag, wiederum von 150.00 CHF\/Mitglied, k\u00f6nnt ihr mittels dieser QR-Rechnung einzahlen, einfach den beigef\u00fcgten QR scannen und Betrag sowie Namen eintragen, fertig:<\/p>\n<p>Link f\u00fcr\u00a0 \u00a0<span style=\"text-decoration: underline;\"><strong><a href=\"https:\/\/linedance-wittenbach.ch\/web\/wp-content\/uploads\/2022\/09\/LD-WIT-QR-Rechnung-Mitgleiderbeitrag.pdf\" target=\"_blank\" rel=\"noopener noreferrer\">QR Rechnung LD Wittenbach<\/a><\/strong><\/span><strong>\u00a0 \u00a0<\/strong>im neuen Fenster zeigen.<\/p>\n<hr \/>\n<p><span style=\"text-decoration: underline;\"><strong>Donnerstag 8. Dezember 2022 &#8211; Einladung<\/strong> <\/span>zum Weihnachtslinedance mit Buffet:\u00a0 \/ 19:00h bis 21:30h<br \/>\nBitte <strong>Anmelden<\/strong> per WhatsAPP an Ursi bis 21.11.2022!<\/p>\n<hr \/>\n<p>&nbsp;<\/p>\n<p><span style=\"text-decoration: underline;\"><strong>15. September 2022 unser erster Videoclip ist auf Youtube<\/strong><\/span><\/p>\n<p>Der von Brigitte Gemperle choreografierte Sennesinger ist nun \u00f6ffentlich auf Youtube, hier der Link:\u00a0\u00a0<strong><span style=\"text-decoration: underline;\"><a title=\"Sennesinger\" href=\"https:\/\/youtu.be\/xBi6GES8t40\" target=\"_blank\" rel=\"noopener\">https:\/\/youtu.be\/xBi6GES8t40<\/a><\/span><\/strong><\/p>\n<p>Das Video vom &#8222;making off Sennesinger&#8220; ist nicht auf Youtube, sondern hier:\u00a0 <span style=\"text-decoration: underline;\"><strong><a href=\"https:\/\/1drv.ms\/u\/s!Arh5YmF5aYYUgf0-VrxTY4m_-Mmjyg?e=3zxAxa\" target=\"_blank\" rel=\"noopener\">Link zum making off<\/a><\/strong><\/span>\u00a0 \u00a0 (Dateigr\u00f6sse:\u00a0 1.3GB)<\/p>\n<hr \/>\n<p><span style=\"text-decoration: underline;\"><strong>8. Hauptversammlung am 15. September 2022<\/strong><\/span><\/p>\n<p>Die 8. Hauptversammlung startet 19:30h im OZ Gr\u00fcnau, Wittenbach. Die Traktandenliste wurde den Mitgliedern bereits per Mail zugesendet. Antr\u00e4ge bitte bis 7. September bei der Pr\u00e4sidentin einreichen, Danke. Wir werden den Film zu unserem Sennesinger Projekt im Anschluss zur HV im OZ gemeisam betrachten.<br \/>\nNach der HV gehen wir ins Arrabbiata.<br \/>\nDas Protokoll unserer 8. Hauptversammlung vom 15. September 2022 findet ihr auf der Veresinternen Seite:\u00a0 \u00a0<span style=\"text-decoration: underline;\"><strong><a title=\"weiter zum Protokoll der 8. HV\" href=\"https:\/\/linedance-wittenbach.ch\/web\/wp-admin\/post.php?post=2984&amp;action=edit&amp;classic-editor\" rel=\"noopener\">Link<\/a><\/strong><\/span><\/p>\n<p>Den f\u00e4lligen Vereinsmitgliederbeitrag k\u00f6nnt ihrmittels dieser QR-Rechnung einzahlen, einfach den beigef\u00fcgten QR scannen und Betrag sowie Namen eintragen, fertig:<\/p>\n<p>Link f\u00fcr\u00a0 \u00a0<span style=\"text-decoration: underline;\"><strong><a href=\"https:\/\/linedance-wittenbach.ch\/web\/wp-content\/uploads\/2022\/09\/LD-WIT-QR-Rechnung-Mitgleiderbeitrag.pdf\" target=\"_blank\" rel=\"noopener noreferrer\">QR Rechnung LD Wittenbach<\/a><\/strong><\/span><strong>\u00a0 \u00a0<\/strong>im neuen Fenster zeigen.<\/p>\n<hr \/>\n<p><span style=\"text-decoration: underline;\"><strong>17. Februar 2022<\/strong><\/span><\/p>\n<p>Bund hat die Corona Massnahmen gelockert, wir d\u00fcrfen wieder ohne Masken trainieren.<\/p>\n<hr \/>\n<p><span style=\"text-decoration: underline;\"><strong>18. September 2021<\/strong><\/span><\/p>\n<p>An unserer 7. Hauptversammlung wurde beschlossen, dass der Mitgliederbeitrag 2021\/2022 einmalig auf 75.00CHF gesenkt wird. Dies, weil wir Corona bedingt Trainings- und Tanz Ausf\u00e4lle hatten. Im Vereinsjahr 2022\/2023 wird voraussichtlich wieder der urspr\u00fcngliche Vereinsbeitrag von 150.00CHF f\u00e4llig. Hier noch die Einzahlungs Daten f\u00fcr die Online Zahler:<\/p>\n<p>IBAN:\u00a0 \u00a0 \u00a0 \u00a0 \u00a0 \u00a0 \u00a0 CH18 0900 0000 6178 2425 0<br \/>\nPost-Konto:\u00a0 \u00a061-782425-0\u00a0 \/\u00a0 Line Dance Wittenbach\u00a0 \/\u00a0 9300 Wittenbach<\/p>\n<hr \/>\n<p><span style=\"text-decoration: underline;\"><strong>7. Hauptversammlung am 16. September 2021<\/strong><\/span><\/p>\n<p>Diesmal direkt in der Pizzeria Arrabbiata, 19:30h. Die Traktandenliste wurde bereits versendet<\/p>\n<p>Das Protokoll unserer 7. Hauptversammlung vom 16. September 2021 findet ihr auf der Veresinternen Seite:\u00a0 \u00a0<span style=\"text-decoration: underline;\"><strong><a title=\"weiter zum Protokoll der 8. HV\" href=\"https:\/\/linedance-wittenbach.ch\/web\/wp-admin\/post.php?post=2984&amp;action=edit&amp;classic-editor\" rel=\"noopener\">Link<\/a><\/strong><\/span><\/p>\n<hr \/>\n<p><span style=\"text-decoration: underline;\"><strong>Training ab August 2021<\/strong><\/span><\/p>\n<p>Das BAG hat die Corona Massnahmen etwas gelockert, wir d\u00fcrfen nun wieder Indoor trainieren mit unserem Schutzkonzept. Masken tragen bis in den Saal, trainieren ohne Maske. Beim diskutieren bitte Abstand beachten.<\/p>\n<hr \/>\n<p><span style=\"text-decoration: underline;\"><strong>Training ab Mai 2021<\/strong><\/span><\/p>\n<p>Das BAG hat die Corona Massnahmen etwas gelockert, wir d\u00fcrfen nun wieder Indoor trainieren mit unserem Schutzkonzept. Weitere Details findet ihr unter &#8222;<span style=\"text-decoration: underline;\"><strong><a title=\"Trainingsdaten\" href=\"https:\/\/linedance-wittenbach.ch\/web\/trainingsdaten\/\">Trainingsdaten<\/a><\/strong><\/span>&#8220;<\/p>\n<hr \/>\n<p><span style=\"text-decoration: underline;\"><strong>Training ab 14.Dezember 2020<\/strong><\/span><\/p>\n<p>Der Kanton hat neue Corona Schutz-Massnahmen getroffen, wir m\u00fcssen vorderhand die Trainingsstunden einstellen. Wir melden uns wieder, wenn wir weitermachen k\u00f6nnen.<\/p>\n<hr \/>\n<p><span style=\"text-decoration: underline;\"><strong>Training ab 5.November 2020<\/strong><\/span><\/p>\n<p>Der Bundesrat hat erneute Auflagen ausgesprochen. Nach Kl\u00e4rung mit BAG und OZ-Wittenbach d\u00fcrfen wir aktuell weiter trainieren, allerdings nur noch mit max. 15-Personen und mit den neuen Auflagen auch vom OZ.<br \/>\nWir haben uns entschlossen, vorderhand weiter zu trainieren. Dazu m\u00fcssen sich die Interessierten auf die Teilnehmer-Liste setzen lassen. Dies k\u00f6nnt ihr bei Felix G\u00e4mperle per Mail oder auf seinem pers\u00f6nlichen WhatsAPP.<br \/>\nAuf unserer Webseite findet ihr, die f\u00fcr den jeweiligen Abend, die g\u00fcltige <strong>Teilnehmer-Liste<\/strong>. Diese findet Ihr <a title=\"zu Trainingsdaten\" href=\"https:\/\/linedance-wittenbach.ch\/web\/trainingsdaten\/\"><span style=\"text-decoration: underline;\"><strong>hier<\/strong><\/span><\/a>. Nur wer hier vermerkt ist, darf zum Training kommen. Wenn n\u00f6tig, wird die Liste zum Contact-Tracing verwendet.<\/p>\n<hr \/>\n<p><span style=\"text-decoration: underline;\"><strong>6. Hauptversammlung vom 17.September 2020<\/strong><\/span><\/p>\n<p>Ragna, unsere Aktuarin, hat das Protokoll erstellt, auf der Vereinsinternen Seite k\u00f6nnt ihr diese nachlesen:\u00a0 <span style=\"text-decoration: underline;\"><a href=\"https:\/\/linedance-wittenbach.ch\/web\/wp-admin\/post.php?post=2984&amp;action=edit&amp;classic-editor\"><strong>Link<\/strong><\/a><\/span><\/p>\n<hr \/>\n<p><span style=\"text-decoration: underline;\"><strong>1.Oktober 2020<\/strong><\/span><\/p>\n<p>An unserer Hauptversammlung wurde beschlossen, dass der Mitgliederbeitrag 2020\/2021 einmalig auf 100.00CHF gesenkt wird. Dies, weil wir Corona bedingt Trainings- und Tanz Ausf\u00e4lle hatten. Im Vereinsjahr 2021\/2022 wird voraussichtlich wieder der urspr\u00fcngliche Vereinsbeitrag von 150.00CHF f\u00e4llig. Hier noch die Einzahlungs Daten f\u00fcr die Online Zahler:<\/p>\n<p>IBAN:\u00a0 \u00a0 \u00a0 \u00a0 \u00a0 \u00a0 \u00a0 CH18 0900 0000 6178 2425 0<br \/>\nPost-Konto:\u00a0 \u00a061-782425-0\u00a0 \/\u00a0 Line Dance Wittenbach\u00a0 \/\u00a0 9300 Wittenbach<\/p>\n<hr \/>\n<p><span style=\"text-decoration: underline;\"><strong>6.August 2020\u00a0 \/\/\u00a0 ACHTUNG:<\/strong><\/span><\/p>\n<p>Unser Schutzkonzept steht, wir k\u00f6nnen uns wieder zum Training treffen.<br \/>\nDer Neustart zum Linedance ist der Donnerstag 13. August 2020.<br \/>\nDer Vorstand freut sich auf euch!<br \/>\nHier das Schutzkonzept:\u00a0<span style=\"text-decoration: underline; font-size: 14pt;\"><strong> <a title=\"Schutzkonzept Linedance Wittenbach\" href=\"https:\/\/linedance-wittenbach.ch\/web\/wp-content\/uploads\/2020\/08\/LD-Wittenbach-Corona-Schutzkonzept-2020.pdf\" target=\"_blank\" rel=\"noopener noreferrer\">Link!<\/a><\/strong><\/span><\/p>\n<hr \/>\n<p><span style=\"text-decoration: underline;\"><strong>6.Mai 2020\u00a0 \/\/\u00a0 ACHTUNG:<\/strong><\/span><\/p>\n<p>Wegen dem Corona-Virus ist vorderhand das Tanz-Training eingestellt.<br \/>\nDer Vorstand rechnet, nach den Sommerferien 2020 den Betrieb wieder aufnehmen zu k\u00f6nnen.<br \/>\nWir informieren euch hier wieder, sobald sich was \u00e4ndert.<br \/>\nDer Vorstand w\u00fcnscht euch allen gute Gesundheit!<\/p>\n<hr \/>\n<p><span style=\"text-decoration: underline;\"><strong>14.M\u00e4rz 2020\u00a0 \/\/\u00a0 ACHTUNG:<\/strong><\/span><\/p>\n<p>Wegen dem Corona-Virus ist vorderhand das Tanz-Training bis Ende M\u00e4rz 2020 eingestellt.<br \/>\nWir informieren euch hier wieder gegen Ende M\u00e4rz 2020!<br \/>\nDer Vorstand w\u00fcnscht euch allen gute Gesundheit!<\/p>\n<hr \/>\n<p>Dez-19:\u00a0 das Jahresprogramm 2020 ist abgelegt:\u00a0 -&gt;Verein\u00a0 \u00a0-&gt;Jahresprogramm\u00a0 oder hier:\u00a0 <span style=\"text-decoration: underline;\"><strong><a href=\"https:\/\/linedance-wittenbach.ch\/web\/wp-content\/uploads\/2019\/12\/Jahresprogramm-2020.pdf\">Jahresprogramm 2020<\/a><\/strong><\/span><\/p>\n<hr \/>\n<p>Aug-19:\u00a0 Das Jahresprogramm steht ab sofort bereit:\u00a0 -&gt;Verein\u00a0 \u00a0-&gt;Jahresprogramm\u00a0 oder hier:\u00a0 <span style=\"text-decoration: underline;\"><strong><a href=\"https:\/\/linedance-wittenbach.ch\/web\/wp-content\/uploads\/2019\/08\/Jahresprogramm-2019.pdf\">Jahresprogramm 2019\/2020<\/a><\/strong><\/span><\/p>\n<hr \/>\n<p>Jan-19: <span style=\"text-decoration: underline;\"><strong><a href=\"https:\/\/linedance-wittenbach.ch\/web\/wp-content\/uploads\/2018\/10\/LD-Wittenbach-Beitrittserkl\u00e4rung.pdf\" target=\"_blank\" rel=\"noopener noreferrer\">Beitrittserkl\u00e4rung<\/a><\/strong><\/span> ist ab sofort auch Online Abrufbar.<br \/>\nDrucken &#8211; Ausf\u00fcllen &#8211; Abgeben an Ursi Staub<\/p>\n<hr \/>\n<p>Jul-18: <span style=\"text-decoration: underline;\"><strong><a href=\"https:\/\/linedance-wittenbach.ch\/web\/unsere-tanzliste\/\">unsere Tanzliste<\/a><\/strong><\/span>. Diese ist Passwortgesch\u00fctzt. Das Passwort werde ich\u00a0 dir gerne an einem Tanzabend mitteilen.<br \/>\nTipp: Beim Anklicken auf den entsprechenden Tanz, werdet ihr auf die Folgeseite dieses Tanzes weitergeleitet. Auf dieser Seite findet ihr das Video von Brigitte, eine Youtube Teacherin in DE, die Musik oder das Tanzsheet. Probiert es doch mal aus.<br \/>\nMit diesen Seiten k\u00f6nnt ihr zu Hause \u00fcben und damit schnell zur fortgeschrittenen Gruppe &#8222;aufsteigen&#8220; \u00a0;-))<\/p>\n<hr \/>\n<p>Jul-18:\u00a0 Es sind bereits einige Linedance Lernvideos von Brigitte aufgeschalten, probiert diese doch mal.<br \/>\nIhr findet dies hier:\u00a0 <a href=\"https:\/\/linedance-wittenbach.ch\/web\/unsere-tanzliste\/\"><strong><span style=\"text-decoration: underline;\">Unsere Tanzliste<\/span><\/strong><\/a>\u00a0\u00a0\u00a0bei den neusten T\u00e4nzen auf die Folgeseiten gehen, da findet ihr Brigitte. So zB. beim Tanz <a href=\"https:\/\/linedance-wittenbach.ch\/web\/unsere-tanzliste\/winnebago\/\"><strong><span style=\"text-decoration: underline;\">Winnebago<\/span><\/strong><\/a> &#8230;..<\/p>\n<hr \/>\n<p>Nov-17:\u00a0 Unser Einzahlungsschein f\u00fcr Online Zahler:\u00a0 (aktueller Jahresbeitrag ist 150.00CHF)<br \/>\nIBAN:\u00a0 \u00a0 \u00a0 \u00a0 \u00a0 \u00a0 \u00a0 CH1809000000617824250<br \/>\nPost-Konto:\u00a0 \u00a061-782425-0\u00a0 \/\u00a0 Line Dance Wittenbach\u00a0 \/\u00a0 9300 Wittenbach<\/p>\n<hr \/>\n<p>Viel Spass, Felix<\/p>\n","protected":false},"excerpt":{"rendered":"<p>11. Hauptversammlung am 25. September 2025 Die 11. Hauptversammlung startete 19:30h im OZ Gr\u00fcnau, Wittenbach. Die Traktandenliste wurde den Mitgliedern bereits per Mail zugesendet. Das Protokoll wird (sobald verf\u00fcgbar) wie immer auf der vereinsinternen Seite abgelegt. Link Nach der HV durften wir 4-lekere Meterbrote vom Dorfbeck geniessen, Ralph war f\u00fcr&#8217;s Fl\u00fcssige verantwortlich. Herzlichen Dank f\u00fcr [&hellip;]<\/p>\n","protected":false},"author":1,"featured_media":0,"parent":0,"menu_order":0,"comment_status":"closed","ping_status":"closed","template":"","meta":{"footnotes":""},"class_list":["post-185","page","type-page","status-publish","hentry","gallery-content-unit"],"_links":{"self":[{"href":"https:\/\/linedance-wittenbach.ch\/web\/wp-json\/wp\/v2\/pages\/185","targetHints":{"allow":["GET"]}}],"collection":[{"href":"https:\/\/linedance-wittenbach.ch\/web\/wp-json\/wp\/v2\/pages"}],"about":[{"href":"https:\/\/linedance-wittenbach.ch\/web\/wp-json\/wp\/v2\/types\/page"}],"author":[{"embeddable":true,"href":"https:\/\/linedance-wittenbach.ch\/web\/wp-json\/wp\/v2\/users\/1"}],"replies":[{"embeddable":true,"href":"https:\/\/linedance-wittenbach.ch\/web\/wp-json\/wp\/v2\/comments?post=185"}],"version-history":[{"count":109,"href":"https:\/\/linedance-wittenbach.ch\/web\/wp-json\/wp\/v2\/pages\/185\/revisions"}],"predecessor-version":[{"id":3450,"href":"https:\/\/linedance-wittenbach.ch\/web\/wp-json\/wp\/v2\/pages\/185\/revisions\/3450"}],"wp:attachment":[{"href":"https:\/\/linedance-wittenbach.ch\/web\/wp-json\/wp\/v2\/media?parent=185"}],"curies":[{"name":"wp","href":"https:\/\/api.w.org\/{rel}","templated":true}]}}